{"id":106,"date":"2023-09-10T07:13:49","date_gmt":"2023-09-10T05:13:49","guid":{"rendered":"https:\/\/beziehungstricks.de\/?page_id=106"},"modified":"2023-09-10T08:05:29","modified_gmt":"2023-09-10T06:05:29","slug":"gemeinsame-zukunft-planen-warum-das-wichtig-ist","status":"publish","type":"page","link":"https:\/\/beziehungstricks.de\/?page_id=106","title":{"rendered":"gemeinsame Zukunft planen warum das wichtig ist"},"content":{"rendered":"<p>[et_pb_section fb_built=&#8220;1&#8243; next_background_color=&#8220;#f2f5f7&#8243; admin_label=&#8220;Hero&#8220; _builder_version=&#8220;4.17.0&#8243; _module_preset=&#8220;default&#8220; background_enable_color=&#8220;off&#8220; background_image=&#8220;https:\/\/beziehungstricks.de\/wp-content\/uploads\/2023\/09\/beziehungstricks.de-gemeinsame-zukunft-planen-lo\u0308sungen-und-herausforderungen_Easy-Resize.com_.jpg&#8220; custom_padding=&#8220;120px||240px|||&#8220; bottom_divider_style=&#8220;wave2&#8243; bottom_divider_height=&#8220;150px&#8220; hover_enabled=&#8220;0&#8243; global_colors_info=&#8220;{}&#8220; alt=&#8220;beziehungstricks.de gemeinsame zukunft planen, lo\u0308sungen und herausforderungen&#8220; title_text=&#8220;beziehungstricks.de gemeinsame zukunft planen, lo\u0308sungen und herausforderungen&#8220; sticky_enabled=&#8220;0&#8243;][et_pb_row _builder_version=&#8220;4.16&#8243; _module_preset=&#8220;default&#8220; background_size=&#8220;initial&#8220; background_position=&#8220;top_left&#8220; background_repeat=&#8220;repeat&#8220; global_colors_info=&#8220;{}&#8220;][et_pb_column type=&#8220;4_4&#8243; _builder_version=&#8220;4.16&#8243; _module_preset=&#8220;default&#8220; custom_padding=&#8220;|||&#8220; global_colors_info=&#8220;{}&#8220; custom_padding__hover=&#8220;|||&#8220;][et_pb_text admin_label=&#8220;Title &#8220; _builder_version=&#8220;4.17.0&#8243; _module_preset=&#8220;default&#8220; text_font=&#8220;|700|||||||&#8220; text_text_color=&#8220;#FFFFFF&#8220; text_font_size=&#8220;2.5em&#8220; text_line_height=&#8220;1.8em&#8220; header_font=&#8220;Fredoka One||||||||&#8220; header_text_color=&#8220;#FFFFFF&#8220; header_font_size=&#8220;52px&#8220; header_line_height=&#8220;1.3em&#8220; text_orientation=&#8220;center&#8220; background_layout=&#8220;dark&#8220; max_width=&#8220;700px&#8220; module_alignment=&#8220;center&#8220; custom_margin=&#8220;||10px|&#8220; animation_style=&#8220;fade&#8220; hover_enabled=&#8220;0&#8243; text_font_size_tablet=&#8220;2em&#8220; text_font_size_phone=&#8220;2em&#8220; text_font_size_last_edited=&#8220;on|desktop&#8220; text_text_shadow_style=&#8220;preset3&#8243; text_text_shadow_color=&#8220;#000000&#8243; global_colors_info=&#8220;{}&#8220; sticky_enabled=&#8220;0&#8243;]<\/p>\n<h1><strong>Planung einer gemeinsamen Zukunft: Herausforderungen und L\u00f6sungen<\/strong><\/h1>\n<p><em>\u00a0<\/em><\/p>\n<p>[\/et_pb_text][\/et_pb_column][\/et_pb_row][\/et_pb_section][et_pb_section fb_built=&#8220;1&#8243; admin_label=&#8220;Features&#8220; _builder_version=&#8220;4.16&#8243; _module_preset=&#8220;default&#8220; background_color=&#8220;#f2f5f7&#8243; custom_padding=&#8220;100px||120px|||&#8220; global_colors_info=&#8220;{}&#8220;][et_pb_row _builder_version=&#8220;4.17.0&#8243; _module_preset=&#8220;default&#8220; global_colors_info=&#8220;{}&#8220;][et_pb_column type=&#8220;4_4&#8243; _builder_version=&#8220;4.17.0&#8243; _module_preset=&#8220;default&#8220; global_colors_info=&#8220;{}&#8220;][et_pb_text admin_label=&#8220;Title &#8220; _builder_version=&#8220;4.17.0&#8243; _module_preset=&#8220;default&#8220; text_font=&#8220;Nunito||||||||&#8220; text_font_size=&#8220;18px&#8220; text_line_height=&#8220;1.8em&#8220; header_font=&#8220;Fredoka One||||||||&#8220; header_font_size=&#8220;52px&#8220; header_line_height=&#8220;1.3em&#8220; text_orientation=&#8220;center&#8220; background_layout=&#8220;dark&#8220; max_width=&#8220;700px&#8220; module_alignment=&#8220;center&#8220; custom_margin=&#8220;||10px|&#8220; animation_style=&#8220;fade&#8220; hover_enabled=&#8220;0&#8243; global_colors_info=&#8220;{}&#8220; sticky_enabled=&#8220;0&#8243;]<\/p>\n<p><span style=\"color: #000000;\">Das Streben nach einer gemeinsamen Zukunft ist ein nat\u00fcrliches Bed\u00fcrfnis, das viele Paare teilen. Es ist die Vision von einem gemeinsamen Haus, vielleicht Kindern, gemeinsamen Reisen und dem Teilen von Lebenserfahrungen. Doch die Planung einer gemeinsamen Zukunft kann sowohl emotional als auch praktisch herausfordernd sein.<\/span><\/p>\n<p>[\/et_pb_text][et_pb_divider show_divider=&#8220;off&#8220; _builder_version=&#8220;4.17.0&#8243; _module_preset=&#8220;default&#8220; global_colors_info=&#8220;{}&#8220;][\/et_pb_divider][et_pb_text _builder_version=&#8220;4.17.0&#8243; _module_preset=&#8220;default&#8220; text_font_size=&#8220;1.5em&#8220; hover_enabled=&#8220;0&#8243; global_colors_info=&#8220;{}&#8220; sticky_enabled=&#8220;0&#8243;]<\/p>\n<h2 style=\"text-align: center;\"><strong>Die allt\u00e4glichen Herausforderungen<\/strong><\/h2>\n<p>[\/et_pb_text][\/et_pb_column][\/et_pb_row][et_pb_row column_structure=&#8220;1_2,1_2&#8243; _builder_version=&#8220;4.17.0&#8243; _module_preset=&#8220;default&#8220; global_colors_info=&#8220;{}&#8220;][et_pb_column type=&#8220;1_2&#8243; _builder_version=&#8220;4.17.0&#8243; _module_preset=&#8220;default&#8220; global_colors_info=&#8220;{}&#8220;][et_pb_image src=&#8220;https:\/\/beziehungstricks.de\/wp-content\/uploads\/2023\/09\/beziehungstricks.de-missverstaendnis-in-einer-beziehung.jpg&#8220; alt=&#8220;beziehungstricks.de missverstaendnis in einer beziehung&#8220; title_text=&#8220;beziehungstricks.de missverstaendnis in einer beziehung&#8220; _builder_version=&#8220;4.17.0&#8243; _module_preset=&#8220;default&#8220; global_colors_info=&#8220;{}&#8220;][\/et_pb_image][\/et_pb_column][et_pb_column type=&#8220;1_2&#8243; _builder_version=&#8220;4.17.0&#8243; _module_preset=&#8220;default&#8220; global_colors_info=&#8220;{}&#8220;][et_pb_text admin_label=&#8220;Title &#8220; _builder_version=&#8220;4.17.0&#8243; _module_preset=&#8220;default&#8220; text_font=&#8220;Nunito||||||||&#8220; text_font_size=&#8220;18px&#8220; text_line_height=&#8220;1.8em&#8220; header_font=&#8220;Fredoka One||||||||&#8220; header_font_size=&#8220;52px&#8220; header_line_height=&#8220;1.3em&#8220; text_orientation=&#8220;center&#8220; background_layout=&#8220;dark&#8220; max_width=&#8220;700px&#8220; module_alignment=&#8220;center&#8220; custom_margin=&#8220;||10px|&#8220; animation_style=&#8220;fade&#8220; hover_enabled=&#8220;0&#8243; global_colors_info=&#8220;{}&#8220; sticky_enabled=&#8220;0&#8243;]<\/p>\n<ol>\n<li>\n<p><span style=\"color: #000000;\"><strong>Finanzielle Unterschiede<\/strong>: Unterschiedliche Einkommensverh\u00e4ltnisse oder Ansichten \u00fcber Geld k\u00f6nnen zu Spannungen f\u00fchren (Papp, Cummings, &amp; Goeke-Morey, 2009).<\/span><\/p>\n<\/li>\n<li>\n<p><span style=\"color: #000000;\"><strong>Karriereziele<\/strong>: Ein Partner m\u00f6chte vielleicht umziehen, um einen Traumjob anzunehmen, w\u00e4hrend der andere fest verwurzelt ist (Stanley, Rhoades, &amp; Whitton, 2010).<\/span><\/p>\n<\/li>\n<li>\n<p><span style=\"color: #000000;\"><strong>Familienplanung<\/strong>: Unterschiedliche Vorstellungen dar\u00fcber, wann und ob Kinder gew\u00fcnscht werden, k\u00f6nnen zu Konflikten f\u00fchren (Lampis, Cataudella, Busonera, &amp; Skowron, 2017).<\/span><\/p>\n<\/li>\n<li>\n<p><span style=\"color: #000000;\"><strong>Wohnort<\/strong>: Wo man leben m\u00f6chte \u2013 Stadt oder Land, N\u00e4he zur Familie oder unabh\u00e4ngig &#8211; ist eine h\u00e4ufige Diskussion.<\/span><\/p>\n<\/li>\n<li>\n<p><span style=\"color: #000000;\"><strong>Kompromisse<\/strong>: Ein Gleichgewicht zwischen den individuellen W\u00fcnschen und den W\u00fcnschen als Paar zu finden, ist nicht immer einfach (Rusbult &amp; Van Lange, 2003).<\/span><\/p>\n<\/li>\n<\/ol>\n<p>[\/et_pb_text][et_pb_text _builder_version=&#8220;4.17.0&#8243; _module_preset=&#8220;default&#8220; global_colors_info=&#8220;{}&#8220;][\/et_pb_text][\/et_pb_column][\/et_pb_row][\/et_pb_section][et_pb_section fb_built=&#8220;1&#8243; prev_background_color=&#8220;#f2f5f7&#8243; admin_label=&#8220;Services&#8220; _builder_version=&#8220;4.17.0&#8243; _module_preset=&#8220;default&#8220; background_color=&#8220;#88C4DD&#8220; background_enable_image=&#8220;off&#8220; background_size=&#8220;initial&#8220; background_blend=&#8220;overlay&#8220; custom_padding=&#8220;120px||120px|&#8220; top_divider_style=&#8220;wave&#8220; top_divider_height=&#8220;106px&#8220; global_colors_info=&#8220;{}&#8220;][et_pb_row _builder_version=&#8220;4.17.0&#8243; _module_preset=&#8220;default&#8220; custom_padding=&#8220;60px|||||&#8220; global_colors_info=&#8220;{}&#8220;][et_pb_column type=&#8220;4_4&#8243; _builder_version=&#8220;4.17.0&#8243; _module_preset=&#8220;default&#8220; global_colors_info=&#8220;{}&#8220;][et_pb_text admin_label=&#8220;Title &#8220; _builder_version=&#8220;4.17.0&#8243; _module_preset=&#8220;default&#8220; text_font=&#8220;Nunito||||||||&#8220; text_font_size=&#8220;18px&#8220; text_line_height=&#8220;1.8em&#8220; header_font=&#8220;Fredoka One||||||||&#8220; header_font_size=&#8220;52px&#8220; header_line_height=&#8220;1.3em&#8220; text_orientation=&#8220;center&#8220; background_layout=&#8220;dark&#8220; max_width=&#8220;700px&#8220; module_alignment=&#8220;center&#8220; custom_margin=&#8220;||10px|&#8220; animation_style=&#8220;fade&#8220; hover_enabled=&#8220;0&#8243; global_colors_info=&#8220;{}&#8220; sticky_enabled=&#8220;0&#8243;]<\/p>\n<h2><span style=\"color: #000000;\"><strong>Was die Literatur sagt:<\/strong><\/span><\/h2>\n<p><span style=\"color: #000000;\">Laut Dr. John Gottman, einem f\u00fchrenden Experten in der Beziehungsforschung, sind es nicht unbedingt die oben genannten Probleme, die eine Beziehung scheitern lassen, sondern die Art, wie Paare mit diesen Problemen umgehen (Gottman &amp; Silver, 2015).<\/span><\/p>\n<p><span style=\"color: #000000;\">Zudem zeigt eine Studie von Dr. Terri Orbuch, dass langfristiges Gl\u00fcck in einer Beziehung weniger mit Romantik zu tun hat, sondern mehr mit praktischen Aspekten wie Problemf\u00e4higkeiten, Kommunikation und gemeinsamen Zielen (Orbuch, 2012).<\/span><\/p>\n<p>[\/et_pb_text][\/et_pb_column][\/et_pb_row][et_pb_row _builder_version=&#8220;4.16&#8243; _module_preset=&#8220;default&#8220; custom_margin=&#8220;30px|||&#8220; global_colors_info=&#8220;{}&#8220;][et_pb_column type=&#8220;4_4&#8243; _builder_version=&#8220;4.16&#8243; _module_preset=&#8220;default&#8220; custom_padding=&#8220;|||&#8220; global_colors_info=&#8220;{}&#8220; custom_padding__hover=&#8220;|||&#8220;][et_pb_divider color=&#8220;rgba(255,255,255,0.5)&#8220; divider_weight=&#8220;4px&#8220; _builder_version=&#8220;4.16&#8243; _module_preset=&#8220;default&#8220; max_width=&#8220;60px&#8220; max_width_tablet=&#8220;11%&#8220; max_width_last_edited=&#8220;off|desktop&#8220; module_alignment=&#8220;center&#8220; height=&#8220;4px&#8220; animation_style=&#8220;slide&#8220; animation_direction=&#8220;top&#8220; animation_intensity_slide=&#8220;5%&#8220; animation_starting_opacity=&#8220;100%&#8220; global_colors_info=&#8220;{}&#8220;][\/et_pb_divider][et_pb_text admin_label=&#8220;Title &#8220; _builder_version=&#8220;4.17.0&#8243; _module_preset=&#8220;default&#8220; text_font=&#8220;Nunito||||||||&#8220; text_font_size=&#8220;18px&#8220; text_line_height=&#8220;1.8em&#8220; header_font=&#8220;Fredoka One||||||||&#8220; header_font_size=&#8220;52px&#8220; header_line_height=&#8220;1.3em&#8220; text_orientation=&#8220;center&#8220; background_layout=&#8220;dark&#8220; max_width=&#8220;700px&#8220; module_alignment=&#8220;center&#8220; custom_margin=&#8220;||10px|&#8220; animation_style=&#8220;fade&#8220; hover_enabled=&#8220;0&#8243; global_colors_info=&#8220;{}&#8220; sticky_enabled=&#8220;0&#8243;]<\/p>\n<h2><span style=\"color: #000000;\"><strong>M\u00f6gliche L\u00f6sungen<\/strong><\/span><\/h2>\n<ol><\/ol>\n<p><span style=\"color: #000000;\"><strong>1. Offene Kommunikation<\/strong>: Ehrliche Gespr\u00e4che \u00fcber Vorstellungen und W\u00fcnsche f\u00fcr die Zukunft sind entscheidend (Markman, Stanley, &amp; Blumberg, 2010).<\/span><\/p>\n<p><span style=\"color: #000000;\"><strong>2. Finanzielle Bildung<\/strong>: Gemeinsames Lernen oder Beratungen zum Thema Finanzen k\u00f6nnen helfen, Spannungen zu reduzieren.<\/span><\/p>\n<p><span style=\"color: #000000;\"><strong>4. Zeit f\u00fcr Paare<\/strong>: Regelm\u00e4\u00dfige &#8222;Paarzeiten&#8220; k\u00f6nnen dazu beitragen, die Verbindung zu st\u00e4rken und gemeinsame Ziele zu kl\u00e4ren.<\/span><\/p>\n<p><span style=\"color: #000000;\"><strong>5. Flexibilit\u00e4t<\/strong>: Es ist wichtig, offen f\u00fcr Ver\u00e4nderungen und Kompromisse zu sein.<\/span><\/p>\n<p>[\/et_pb_text][\/et_pb_column][\/et_pb_row][et_pb_row _builder_version=&#8220;4.17.0&#8243; _module_preset=&#8220;default&#8220; global_colors_info=&#8220;{}&#8220;][et_pb_column type=&#8220;4_4&#8243; _builder_version=&#8220;4.17.0&#8243; _module_preset=&#8220;default&#8220; global_colors_info=&#8220;{}&#8220;][et_pb_text admin_label=&#8220;Title &#8220; _builder_version=&#8220;4.17.0&#8243; _module_preset=&#8220;default&#8220; text_font=&#8220;Nunito||||||||&#8220; text_font_size=&#8220;1.5em&#8220; text_line_height=&#8220;1.8em&#8220; header_font=&#8220;Fredoka One||||||||&#8220; header_font_size=&#8220;52px&#8220; header_line_height=&#8220;1.3em&#8220; text_orientation=&#8220;center&#8220; background_layout=&#8220;dark&#8220; max_width=&#8220;700px&#8220; module_alignment=&#8220;center&#8220; custom_margin=&#8220;||10px|&#8220; animation_style=&#8220;fade&#8220; hover_enabled=&#8220;0&#8243; global_colors_info=&#8220;{}&#8220; sticky_enabled=&#8220;0&#8243;]<\/p>\n<p style=\"text-align: center;\"><span style=\"color: #000000;\"><strong>Ein Lernmoment der besonderen Art<\/strong><\/span><\/p>\n<p><span style=\"color: #000000;\">Ein Beispiel aus meinem Leben, das mich viel gelehrt hat, betrifft die Zeit, in der ich und meine Partnerin Lisa vor einer enormen Herausforderung standen.<\/span><\/p>\n<p><span style=\"color: #000000;\">Es begann alles so unschuldig, mit kleinen Missverst\u00e4ndnissen und nicht ausgesprochenen Erwartungen. Unsere Beziehung war stark, das wussten wir beide. Doch nach und nach h\u00e4uften sich diese Momente, in denen einer von uns unzufrieden oder gestresst schien, und wir wussten nicht warum.<\/span><\/p>\n<p><span style=\"color: #000000;\">An einem k\u00fchlen Herbstabend nach der Arbeit kehrte ich nach Hause zur\u00fcck, m\u00fcde und hoffend auf ein gem\u00fctliches Abendessen mit Lisa. Stattdessen wurde ich von einem Berg schmutzigen Geschirrs und einem genervten Blick meiner Partnerin begr\u00fc\u00dft.<\/span><\/p>\n<p><span style=\"color: #000000;\">\u201eHast du den M\u00fcll vergessen rauszubringen?\u201c, war das Erste, was sie mir sagte.<\/span><\/p>\n<p><span style=\"color: #000000;\">Ich war verwirrt und reagierte defensiv: \u201eIch hatte einen stressigen Tag, ich dachte, du machst das heute.\u201c<\/span><\/p>\n<p><span style=\"color: #000000;\">Lisa seufzte. \u201eEs ist nicht nur der M\u00fcll. Es f\u00fchlt sich an, als ob ich alles alleine mache. Wir m\u00fcssen reden.\u201c<\/span><\/p>\n<p><span style=\"color: #000000;\">In diesem Moment wurde mir klar, dass das Problem nicht der M\u00fcll oder das Geschirr war. Es ging um unsere Erwartungen und wie wir miteinander kommunizierten. Unsere Beziehung, die einmal so m\u00fchelos und harmonisch schien, wurde pl\u00f6tzlich von Missverst\u00e4ndnissen und Fehlkommunikation \u00fcberschattet.<\/span><\/p>\n<p><span style=\"color: #000000;\">Wir setzten uns ins Wohnzimmer, wo ein ruhiges Gespr\u00e4ch begann. Es war nicht einfach. Es gab Tr\u00e4nen und Frustrationen. Aber wir waren entschlossen, eine L\u00f6sung zu finden. Wir sprachen offen \u00fcber unsere Erwartungen, W\u00fcnsche und Sorgen. Lisa erz\u00e4hlte, dass sie sich oft \u00fcberfordert f\u00fchlte mit Haushaltsaufgaben und mir das Gef\u00fchl geben wollte, zu Hause entspannen zu k\u00f6nnen. Ich gab zu, dass ich oft dachte, sie w\u00fcrde Dinge auf ihre Weise erledigen wollen und ich wollte mich nicht einmischen.<\/span><\/p>\n<p><span style=\"color: #000000;\">Ein Wendepunkt war, als wir uns an eine Empfehlung eines Freundes erinnerten: \u201eSetzt euch hin und schreibt gemeinsam eine Liste von allem, was getan werden muss. Teilt die Aufgaben auf und besprecht, wie ihr sie erledigt haben wollt.\u201c Dies klang einfach, aber es war effektiv.<\/span><\/p>\n<p><span style=\"color: #000000;\">Wir verbrachten den Abend damit, eine Liste zu erstellen und \u00fcber jede einzelne Aufgabe zu sprechen. Durch diese einfache \u00dcbung lernten wir so viel \u00fcber die Bed\u00fcrfnisse und Erwartungen des anderen. Zum Beispiel erkannte ich, dass Lisa es wichtig fand, dass wir beide am Wochenende zusammen putzen, weil es f\u00fcr sie ein Gef\u00fchl von Teamarbeit vermittelte. Ich erkl\u00e4rte, dass ich es manchmal bevorzuge, nach der Arbeit eine halbe Stunde alleine zu haben, um mich zu entspannen.<\/span><\/p>\n<p><span style=\"color: #000000;\">In den folgenden Wochen arbeiteten wir zusammen und passten uns an. Es gab immer noch kleine Unstimmigkeiten, aber mit unserer neuen Kommunikationsweise konnten wir sie schnell l\u00f6sen.<\/span><\/p>\n<p><span style=\"color: #000000;\">Diese Erfahrung hat unsere Beziehung ver\u00e4ndert und gest\u00e4rkt. Es war eine einfache, aber kraftvolle Lektion in Kommunikation und Verst\u00e4ndnis. Ich erkannte, dass es nicht darum geht, wer recht hat oder wer mehr tut, sondern darum, wie man als Team zusammenarbeitet und sich gegenseitig unterst\u00fctzt.<\/span><\/p>\n<p><span style=\"color: #000000;\">Es ist nicht immer einfach, aber mit Offenheit, Geduld und dem Willen, zuzuh\u00f6ren, k\u00f6nnen Paare gemeinsam wachsen und st\u00e4rker werden. Und ich bin so dankbar, dass Lisa und ich diesen Weg gemeinsam gehen.<\/span><\/p>\n<p>[\/et_pb_text][et_pb_text admin_label=&#8220;Title &#8220; _builder_version=&#8220;4.17.0&#8243; _module_preset=&#8220;default&#8220; text_font=&#8220;Nunito||||||||&#8220; text_font_size=&#8220;18px&#8220; text_line_height=&#8220;1.8em&#8220; header_font=&#8220;Fredoka One||||||||&#8220; header_font_size=&#8220;52px&#8220; header_line_height=&#8220;1.3em&#8220; text_orientation=&#8220;center&#8220; background_layout=&#8220;dark&#8220; max_width=&#8220;700px&#8220; module_alignment=&#8220;center&#8220; custom_margin=&#8220;||10px|&#8220; animation_style=&#8220;fade&#8220; hover_enabled=&#8220;0&#8243; global_colors_info=&#8220;{}&#8220; sticky_enabled=&#8220;0&#8243;]<\/p>\n<h3><\/h3>\n<h3><\/h3>\n<h3><\/h3>\n<h3><\/h3>\n<p><strong><span style=\"color: #000000\">Schlussgedanken<\/span><\/strong><\/p>\n<p><span style=\"color: #000000\">Geldprobleme k\u00f6nnen in einer Beziehung schwer wiegen. Doch mit Verst\u00e4ndnis, Kommunikation und Bildung k\u00f6nnen diese H\u00fcrden \u00fcberwunden werden. Erinnern Sie sich daran, dass am Ende des Tages eine Beziehung nicht auf Geld, sondern auf Liebe, Vertrauen und Verst\u00e4ndnis basiert. Wenn Sie diese Grundlagen haben, k\u00f6nnen Sie auch finanzielle Herausforderungen meistern.<\/span><\/p>\n<p>[\/et_pb_text][et_pb_text admin_label=&#8220;Title &#8220; _builder_version=&#8220;4.17.0&#8243; _module_preset=&#8220;default&#8220; text_font=&#8220;Nunito||||||||&#8220; text_font_size=&#8220;18px&#8220; text_line_height=&#8220;1.8em&#8220; header_font=&#8220;Fredoka One||||||||&#8220; header_font_size=&#8220;52px&#8220; header_line_height=&#8220;1.3em&#8220; text_orientation=&#8220;center&#8220; background_layout=&#8220;dark&#8220; max_width=&#8220;700px&#8220; module_alignment=&#8220;center&#8220; custom_margin=&#8220;||10px|&#8220; animation_style=&#8220;fade&#8220; hover_enabled=&#8220;0&#8243; global_colors_info=&#8220;{}&#8220; sticky_enabled=&#8220;0&#8243;]<\/p>\n<div class=\"flex-1 overflow-hidden\">\n<div class=\"react-scroll-to-bottom--css-eojiv-79elbk h-full dark:bg-gray-800\">\n<div class=\"react-scroll-to-bottom--css-eojiv-1n7m0yu\">\n<div class=\"flex flex-col text-sm dark:bg-gray-800\">\n<div class=\"group w-full text-token-text-primary border-b border-black\/10 dark:border-gray-900\/50 bg-gray-50 dark:bg-[#444654]\" data-testid=\"conversation-turn-31\">\n<div class=\"p-4 justify-center text-base md:gap-6 md:py-6 m-auto\">\n<div class=\"flex flex-1 gap-4 text-base mx-auto md:gap-6 md:max-w-2xl lg:max-w-[38rem] xl:max-w-3xl }\">\n<div class=\"relative flex w-[calc(100%-50px)] flex-col gap-1 md:gap-3 lg:w-[calc(100%-115px)]\">\n<div class=\"flex flex-grow flex-col gap-3 max-w-full\">\n<div class=\"min-h-[20px] flex flex-col items-start gap-3 overflow-x-auto whitespace-pre-wrap break-words\">\n<div class=\"markdown prose w-full break-words dark:prose-invert light\">\n<p><span style=\"color: #000000;\"><strong>Quellen:<\/strong><\/span><\/p>\n<section data-footnotes=\"true\" class=\"footnotes\">\n<ol>\n<li><span style=\"color: #000000;\"><span style=\"color: #ffffff;\">Papp, L. M., Cummings, E. M., &amp; Goeke-Morey, M. C. (2009). For Richer, for Poorer:<\/span> <span style=\"color: #0000ff;\"><a href=\"https:\/\/onlinelibrary.wiley.com\/doi\/abs\/10.1111\/j.1741-3729.2008.00537.x\" style=\"color: #0000ff;\">Money as a Topic of Marital Conflict in the Home. <\/a><\/span><em><span style=\"color: #0000ff;\"><a href=\"https:\/\/onlinelibrary.wiley.com\/doi\/abs\/10.1111\/j.1741-3729.2008.00537.x\" style=\"color: #0000ff;\">Family Relations<\/a><\/span>, <span style=\"color: #ffffff;\">58<\/span><\/em><span style=\"color: #ffffff;\">(1), 91-103. <\/span><\/span><\/li>\n<li><span style=\"color: #ffffff;\">Stanley, S. M., Rhoades, G. K., &amp; Whitton, S. W. (2010). Commitment: <\/span><span style=\"color: #0000ff;\"><a href=\"https:\/\/onlinelibrary.wiley.com\/doi\/abs\/10.1111\/j.1756-2589.2010.00060.x\" style=\"color: #0000ff;\">Functions, Formation, and the Securing of Romantic Attachment. <\/a><em><a href=\"https:\/\/onlinelibrary.wiley.com\/doi\/abs\/10.1111\/j.1756-2589.2010.00060.x\" style=\"color: #0000ff;\">Journal of Family Theory &amp; Review<\/a><\/em><\/span><span style=\"color: #000000;\"><em>, <span style=\"color: #ffffff;\">2<\/span><\/em><span style=\"color: #ffffff;\">(4), 243-257. <\/span><\/span><\/li>\n<li><span style=\"color: #ffffff;\">Lampis, J., Cataudella, S., Busonera, A., &amp; Skowron, E. A. (2017). The Role of Differentiation of Self and Dyadic Adjustment in Predicting Codependency. <em>Contemporary Family Therapy, 39<\/em>(1), 62-72. <\/span><\/li>\n<li><span style=\"color: #ffffff;\">Rusbult, C. E., &amp; Van Lange, P. A. (2003). Interdependence, Interaction, and Relationships. <em>Annual Review of Psychology, 54<\/em>, 351-375. Gottman, J. M., &amp; Silver, N. (2015). <em>The Seven Principles for Making Marriage Work<\/em>. Harmony. <\/span><\/li>\n<li><span style=\"color: #ffffff;\">Orbuch, T. L. (2012). <em>Finding Love Again: 6 Simple Steps to a New and Happy Relationship<\/em>. Sourcebooks Casablanca. <a href=\"https:\/\/www.amazon.com\/Finding-Love-Again-Simple-Relationship\/dp\/1402265673\" target=\"_new\" style=\"color: #ffffff;\" rel=\"noopener\">Link<\/a><\/span><\/li>\n<li><span style=\"color: #ffffff;\">Markman, H. J., Stanley, S. M., &amp; Blumberg, S. L. (2010). <em>Fighting for Your Marriage<\/em>. Jossey-Bass. <\/span><\/li>\n<\/ol>\n<\/section>\n<\/div>\n<\/div>\n<\/div>\n<\/div>\n<\/div>\n<\/div>\n<\/div>\n<\/div>\n<\/div>\n<\/div>\n<\/div>\n<p>[\/et_pb_text][\/et_pb_column][\/et_pb_row][\/et_pb_section]<\/p>\n","protected":false},"excerpt":{"rendered":"<p>Planung einer gemeinsamen Zukunft: Herausforderungen und L\u00f6sungen \u00a0Das Streben nach einer gemeinsamen Zukunft ist ein nat\u00fcrliches Bed\u00fcrfnis, das viele Paare teilen. Es ist die Vision von einem gemeinsamen Haus, vielleicht Kindern, gemeinsamen Reisen und dem Teilen von Lebenserfahrungen. Doch die Planung einer gemeinsamen Zukunft kann sowohl emotional als auch praktisch herausfordernd sein.Die allt\u00e4glichen Herausforderungen Finanzielle [&hellip;]<\/p>\n","protected":false},"author":1,"featured_media":0,"parent":0,"menu_order":0,"comment_status":"closed","ping_status":"closed","template":"","meta":{"_et_pb_use_builder":"on","_et_pb_old_content":"","_et_gb_content_width":"","footnotes":""},"_links":{"self":[{"href":"https:\/\/beziehungstricks.de\/index.php?rest_route=\/wp\/v2\/pages\/106"}],"collection":[{"href":"https:\/\/beziehungstricks.de\/index.php?rest_route=\/wp\/v2\/pages"}],"about":[{"href":"https:\/\/beziehungstricks.de\/index.php?rest_route=\/wp\/v2\/types\/page"}],"author":[{"embeddable":true,"href":"https:\/\/beziehungstricks.de\/index.php?rest_route=\/wp\/v2\/users\/1"}],"replies":[{"embeddable":true,"href":"https:\/\/beziehungstricks.de\/index.php?rest_route=%2Fwp%2Fv2%2Fcomments&post=106"}],"version-history":[{"count":3,"href":"https:\/\/beziehungstricks.de\/index.php?rest_route=\/wp\/v2\/pages\/106\/revisions"}],"predecessor-version":[{"id":112,"href":"https:\/\/beziehungstricks.de\/index.php?rest_route=\/wp\/v2\/pages\/106\/revisions\/112"}],"wp:attachment":[{"href":"https:\/\/beziehungstricks.de\/index.php?rest_route=%2Fwp%2Fv2%2Fmedia&parent=106"}],"curies":[{"name":"wp","href":"https:\/\/api.w.org\/{rel}","templated":true}]}}